{"id":80,"date":"2025-07-27T16:10:34","date_gmt":"2025-07-27T16:10:34","guid":{"rendered":"https:\/\/pool-party.fr\/?page_id=80"},"modified":"2025-11-17T09:18:59","modified_gmt":"2025-11-17T09:18:59","slug":"evenements","status":"publish","type":"page","link":"https:\/\/pool-party.fr\/index.php\/evenements\/","title":{"rendered":"\u00c9v\u00e8nements"},"content":{"rendered":"\n<h2 class=\"wp-block-heading has-text-align-center has-luminous-vivid-amber-color has-text-color has-link-color wp-elements-4858c465991ba846a9cd67f27effb20b\" style=\"font-size:46px\"><strong>\u00c9v\u00e9nement<\/strong><\/h2>\n\n\n\n<div style=\"height:12px\" aria-hidden=\"true\" class=\"wp-block-spacer\"><\/div>\n\n\n\n<p class=\"has-text-align-center\">Des r\u00e9unions de famille intimes aux c\u00e9l\u00e9brations marquantes, personnalisez votre exp\u00e9rience de f\u00eate id\u00e9ale et cr\u00e9ez des souvenirs inoubliables !<strong> <\/strong><\/p>\n\n\n\n<div style=\"height:22px\" aria-hidden=\"true\" class=\"wp-block-spacer\"><\/div>\n\n\n\n<hr class=\"wp-block-separator has-text-color has-luminous-vivid-amber-color has-alpha-channel-opacity has-luminous-vivid-amber-background-color has-background\"\/>\n\n\n\n<div style=\"height:28px\" aria-hidden=\"true\" class=\"wp-block-spacer\"><\/div>\n\n\n\n<div style=\"height:33px\" aria-hidden=\"true\" class=\"wp-block-spacer\"><\/div>\n\n\n\n<h2 class=\"wp-block-heading has-text-align-center has-text-color has-link-color wp-elements-8a30b575f0d016f2ffad470866e0abac\" style=\"color:#2cb6a8;font-size:46px\"><strong>Passez \u00e0 l&rsquo;action !<\/strong><\/h2>\n\n\n\n<div style=\"height:18px\" aria-hidden=\"true\" class=\"wp-block-spacer\"><\/div>\n\n\n\n<p class=\"has-text-align-center\">Apr\u00e8s l\u2019inspiration, trouvez l\u2019\u00e9v\u00e9nement parfait et r\u00e9servez-le en quelques clics !<\/p>\n\n\n\n<div style=\"height:40px\" aria-hidden=\"true\" class=\"wp-block-spacer\"><\/div>\n\n\n\n<div class=\"wp-block-columns is-layout-flex wp-container-core-columns-is-layout-9d6595d7 wp-block-columns-is-layout-flex\">\n<div class=\"wp-block-column is-layout-flow wp-block-column-is-layout-flow\"><div class=\"wp-block-image\">\n<figure class=\"aligncenter size-full is-resized\"><a href=\"https:\/\/pool-party.fr\/index.php\/2025\/08\/22\/summer-pool-party\/\"><img data-recalc-dims=\"1\" loading=\"lazy\" decoding=\"async\" width=\"300\" height=\"300\" src=\"https:\/\/i0.wp.com\/pool-party.fr\/wp-content\/uploads\/2025\/08\/22.jpg?resize=300%2C300&#038;ssl=1\" alt=\"\" class=\"wp-image-646\" style=\"width:294px;height:auto\" srcset=\"https:\/\/i0.wp.com\/pool-party.fr\/wp-content\/uploads\/2025\/08\/22.jpg?w=300&amp;ssl=1 300w, https:\/\/i0.wp.com\/pool-party.fr\/wp-content\/uploads\/2025\/08\/22.jpg?resize=100%2C100&amp;ssl=1 100w, https:\/\/i0.wp.com\/pool-party.fr\/wp-content\/uploads\/2025\/08\/22.jpg?resize=150%2C150&amp;ssl=1 150w\" sizes=\"auto, (max-width: 300px) 100vw, 300px\" \/><\/a><\/figure>\n<\/div>\n\n\n<div style=\"height:10px\" aria-hidden=\"true\" class=\"wp-block-spacer\"><\/div>\n\n\n\n<p class=\"has-text-align-center has-black-color has-text-color has-link-color wp-elements-94727b237d7ee3cdbf1ceea47f1334aa\"><strong><a href=\"https:\/\/pool-party.fr\/index.php\/2025\/08\/22\/summer-pool-party\/\">Summer POOL PARTY<\/a><\/strong><\/p>\n\n\n\n<div style=\"height:10px\" aria-hidden=\"true\" class=\"wp-block-spacer\"><\/div>\n\n\n\n<p class=\"has-text-align-center\">16 juillet 2025<\/p>\n\n\n\n<div style=\"height:10px\" aria-hidden=\"true\" class=\"wp-block-spacer\"><\/div>\n\n\n\n<p class=\"has-text-align-center has-vivid-cyan-blue-color has-text-color has-link-color wp-elements-56a6534bbc067118bfd17e06f2a42cbc\">Marseille (13)<\/p>\n<\/div>\n\n\n\n<div class=\"wp-block-column is-layout-flow wp-block-column-is-layout-flow\"><div class=\"wp-block-image\">\n<figure class=\"aligncenter size-full\"><img data-recalc-dims=\"1\" loading=\"lazy\" decoding=\"async\" width=\"300\" height=\"300\" src=\"https:\/\/i0.wp.com\/pool-party.fr\/wp-content\/uploads\/2025\/08\/21-1.jpg?resize=300%2C300&#038;ssl=1\" alt=\"\" class=\"wp-image-647\" srcset=\"https:\/\/i0.wp.com\/pool-party.fr\/wp-content\/uploads\/2025\/08\/21-1.jpg?w=300&amp;ssl=1 300w, https:\/\/i0.wp.com\/pool-party.fr\/wp-content\/uploads\/2025\/08\/21-1.jpg?resize=100%2C100&amp;ssl=1 100w, https:\/\/i0.wp.com\/pool-party.fr\/wp-content\/uploads\/2025\/08\/21-1.jpg?resize=150%2C150&amp;ssl=1 150w\" sizes=\"auto, (max-width: 300px) 100vw, 300px\" \/><\/figure>\n<\/div>\n\n\n<div style=\"height:10px\" aria-hidden=\"true\" class=\"wp-block-spacer\"><\/div>\n\n\n\n<p class=\"has-text-align-center\"><strong>Soir\u00e9e piscine<\/strong><\/p>\n\n\n\n<div style=\"height:10px\" aria-hidden=\"true\" class=\"wp-block-spacer\"><\/div>\n\n\n\n<p class=\"has-text-align-center\">2 ao\u00fbt juillet 2025<\/p>\n\n\n\n<div style=\"height:10px\" aria-hidden=\"true\" class=\"wp-block-spacer\"><\/div>\n\n\n\n<p class=\"has-text-align-center has-vivid-cyan-blue-color has-text-color has-link-color wp-elements-e1e92f1e39ccd8f29ba6974425414949\">Cergy (95)<\/p>\n<\/div>\n<\/div>\n\n\n\n<div style=\"height:30px\" aria-hidden=\"true\" class=\"wp-block-spacer\"><\/div>\n\n\n\n<div class=\"wp-block-columns is-layout-flex wp-container-core-columns-is-layout-9d6595d7 wp-block-columns-is-layout-flex\">\n<div class=\"wp-block-column is-layout-flow wp-block-column-is-layout-flow\"><div class=\"wp-block-image\">\n<figure class=\"aligncenter size-full\"><img data-recalc-dims=\"1\" loading=\"lazy\" decoding=\"async\" width=\"300\" height=\"300\" src=\"https:\/\/i0.wp.com\/pool-party.fr\/wp-content\/uploads\/2025\/08\/25.jpg?resize=300%2C300&#038;ssl=1\" alt=\"\" class=\"wp-image-649\" srcset=\"https:\/\/i0.wp.com\/pool-party.fr\/wp-content\/uploads\/2025\/08\/25.jpg?w=300&amp;ssl=1 300w, https:\/\/i0.wp.com\/pool-party.fr\/wp-content\/uploads\/2025\/08\/25.jpg?resize=100%2C100&amp;ssl=1 100w, https:\/\/i0.wp.com\/pool-party.fr\/wp-content\/uploads\/2025\/08\/25.jpg?resize=150%2C150&amp;ssl=1 150w\" sizes=\"auto, (max-width: 300px) 100vw, 300px\" \/><\/figure>\n<\/div>\n\n\n<div style=\"height:10px\" aria-hidden=\"true\" class=\"wp-block-spacer\"><\/div>\n\n\n\n<p class=\"has-text-align-center\"><strong>Day festival<\/strong><\/p>\n\n\n\n<div style=\"height:10px\" aria-hidden=\"true\" class=\"wp-block-spacer\"><\/div>\n\n\n\n<p class=\"has-text-align-center\">23 ao\u00fbt 2025<\/p>\n\n\n\n<div style=\"height:10px\" aria-hidden=\"true\" class=\"wp-block-spacer\"><\/div>\n\n\n\n<p class=\"has-text-align-center has-vivid-cyan-blue-color has-text-color has-link-color wp-elements-0989bbe151bbf998c5048f2bd2caa1a2\">Nice (06)<\/p>\n<\/div>\n\n\n\n<div class=\"wp-block-column is-layout-flow wp-block-column-is-layout-flow\"><div class=\"wp-block-image\">\n<figure class=\"aligncenter size-full\"><img data-recalc-dims=\"1\" loading=\"lazy\" decoding=\"async\" width=\"300\" height=\"300\" src=\"https:\/\/i0.wp.com\/pool-party.fr\/wp-content\/uploads\/2025\/08\/24.jpg?resize=300%2C300&#038;ssl=1\" alt=\"\" class=\"wp-image-650\" srcset=\"https:\/\/i0.wp.com\/pool-party.fr\/wp-content\/uploads\/2025\/08\/24.jpg?w=300&amp;ssl=1 300w, https:\/\/i0.wp.com\/pool-party.fr\/wp-content\/uploads\/2025\/08\/24.jpg?resize=100%2C100&amp;ssl=1 100w, https:\/\/i0.wp.com\/pool-party.fr\/wp-content\/uploads\/2025\/08\/24.jpg?resize=150%2C150&amp;ssl=1 150w\" sizes=\"auto, (max-width: 300px) 100vw, 300px\" \/><\/figure>\n<\/div>\n\n\n<div style=\"height:10px\" aria-hidden=\"true\" class=\"wp-block-spacer\"><\/div>\n\n\n\n<p class=\"has-text-align-center\"><strong>Night POOL PARTY<\/strong><\/p>\n\n\n\n<div style=\"height:10px\" aria-hidden=\"true\" class=\"wp-block-spacer\"><\/div>\n\n\n\n<p class=\"has-text-align-center\">28 ao\u00fbt 2025<\/p>\n\n\n\n<div style=\"height:10px\" aria-hidden=\"true\" class=\"wp-block-spacer\"><\/div>\n\n\n\n<p class=\"has-text-align-center has-vivid-cyan-blue-color has-text-color has-link-color wp-elements-ca87decd6aa24a0f330a9f93d33c86af\">Lyon (69)<\/p>\n<\/div>\n<\/div>\n\n\n\n<p><\/p>\n","protected":false},"excerpt":{"rendered":"<p>\u00c9v\u00e9nement Des r\u00e9unions de famille intimes aux c\u00e9l\u00e9brations marquantes, personnalisez votre exp\u00e9rience de f\u00eate id\u00e9ale et cr\u00e9ez des souvenirs inoubliables ! Passez \u00e0 l&rsquo;action ! Apr\u00e8s l\u2019inspiration, trouvez l\u2019\u00e9v\u00e9nement parfait et r\u00e9servez-le en quelques clics ! Summer POOL PARTY 16 juillet 2025 Marseille (13) Soir\u00e9e piscine 2 ao\u00fbt juillet 2025 Cergy (95) Day festival 23 [&hellip;]<\/p>\n","protected":false},"author":2,"featured_media":0,"parent":0,"menu_order":0,"comment_status":"closed","ping_status":"closed","template":"","meta":{"jetpack_post_was_ever_published":true,"footnotes":""},"class_list":["post-80","page","type-page","status-publish","hentry"],"yoast_head":"<!-- This site is optimized with the Yoast SEO plugin v27.3 - https:\/\/yoast.com\/product\/yoast-seo-wordpress\/ -->\n<title>\u00c9v\u00e8nements - Pool Party<\/title>\n<meta name=\"description\" content=\"Participez aux soir\u00e9es piscine, festivals et \u00e9v\u00e9nements priv\u00e9s Pool Party en France. R\u00e9servez et vivez un moment unique !\" \/>\n<meta name=\"robots\" content=\"index, follow, max-snippet:-1, max-image-preview:large, max-video-preview:-1\" \/>\n<link rel=\"canonical\" href=\"https:\/\/pool-party.fr\/index.php\/evenements\/\" \/>\n<meta property=\"og:locale\" content=\"fr_FR\" \/>\n<meta property=\"og:type\" content=\"article\" \/>\n<meta property=\"og:title\" content=\"\u00c9v\u00e8nements - Pool Party\" \/>\n<meta property=\"og:description\" content=\"Participez aux soir\u00e9es piscine, festivals et \u00e9v\u00e9nements priv\u00e9s Pool Party en France. R\u00e9servez et vivez un moment unique !\" \/>\n<meta property=\"og:url\" content=\"https:\/\/pool-party.fr\/index.php\/evenements\/\" \/>\n<meta property=\"og:site_name\" content=\"Pool Party\" \/>\n<meta property=\"article:modified_time\" content=\"2025-11-17T09:18:59+00:00\" \/>\n<meta property=\"og:image\" content=\"https:\/\/pool-party.fr\/wp-content\/uploads\/2025\/08\/22.jpg\" \/>\n<meta name=\"twitter:card\" content=\"summary_large_image\" \/>\n<meta name=\"twitter:label1\" content=\"Dur\u00e9e de lecture estim\u00e9e\" \/>\n\t<meta name=\"twitter:data1\" content=\"2 minutes\" \/>\n<script type=\"application\/ld+json\" class=\"yoast-schema-graph\">{\"@context\":\"https:\\\/\\\/schema.org\",\"@graph\":[{\"@type\":\"WebPage\",\"@id\":\"https:\\\/\\\/pool-party.fr\\\/index.php\\\/evenements\\\/\",\"url\":\"https:\\\/\\\/pool-party.fr\\\/index.php\\\/evenements\\\/\",\"name\":\"\u00c9v\u00e8nements - Pool Party\",\"isPartOf\":{\"@id\":\"https:\\\/\\\/pool-party.fr\\\/#website\"},\"primaryImageOfPage\":{\"@id\":\"https:\\\/\\\/pool-party.fr\\\/index.php\\\/evenements\\\/#primaryimage\"},\"image\":{\"@id\":\"https:\\\/\\\/pool-party.fr\\\/index.php\\\/evenements\\\/#primaryimage\"},\"thumbnailUrl\":\"https:\\\/\\\/pool-party.fr\\\/wp-content\\\/uploads\\\/2025\\\/08\\\/22.jpg\",\"datePublished\":\"2025-07-27T16:10:34+00:00\",\"dateModified\":\"2025-11-17T09:18:59+00:00\",\"description\":\"Participez aux soir\u00e9es piscine, festivals et \u00e9v\u00e9nements priv\u00e9s Pool Party en France. R\u00e9servez et vivez un moment unique !\",\"breadcrumb\":{\"@id\":\"https:\\\/\\\/pool-party.fr\\\/index.php\\\/evenements\\\/#breadcrumb\"},\"inLanguage\":\"fr-FR\",\"potentialAction\":[{\"@type\":\"ReadAction\",\"target\":[\"https:\\\/\\\/pool-party.fr\\\/index.php\\\/evenements\\\/\"]}]},{\"@type\":\"ImageObject\",\"inLanguage\":\"fr-FR\",\"@id\":\"https:\\\/\\\/pool-party.fr\\\/index.php\\\/evenements\\\/#primaryimage\",\"url\":\"https:\\\/\\\/i0.wp.com\\\/pool-party.fr\\\/wp-content\\\/uploads\\\/2025\\\/08\\\/22.jpg?fit=300%2C300&ssl=1\",\"contentUrl\":\"https:\\\/\\\/i0.wp.com\\\/pool-party.fr\\\/wp-content\\\/uploads\\\/2025\\\/08\\\/22.jpg?fit=300%2C300&ssl=1\",\"width\":300,\"height\":300,\"caption\":\"Piscine - jacuzzie - spa - eau - location - vague -summer - personne - \u00e9v\u00e9nement - f\u00eate\"},{\"@type\":\"BreadcrumbList\",\"@id\":\"https:\\\/\\\/pool-party.fr\\\/index.php\\\/evenements\\\/#breadcrumb\",\"itemListElement\":[{\"@type\":\"ListItem\",\"position\":1,\"name\":\"Accueil\",\"item\":\"https:\\\/\\\/pool-party.fr\\\/\"},{\"@type\":\"ListItem\",\"position\":2,\"name\":\"\u00c9v\u00e8nements\"}]},{\"@type\":\"WebSite\",\"@id\":\"https:\\\/\\\/pool-party.fr\\\/#website\",\"url\":\"https:\\\/\\\/pool-party.fr\\\/\",\"name\":\"Pool Party\",\"description\":\"\",\"publisher\":{\"@id\":\"https:\\\/\\\/pool-party.fr\\\/#organization\"},\"potentialAction\":[{\"@type\":\"SearchAction\",\"target\":{\"@type\":\"EntryPoint\",\"urlTemplate\":\"https:\\\/\\\/pool-party.fr\\\/?s={search_term_string}\"},\"query-input\":{\"@type\":\"PropertyValueSpecification\",\"valueRequired\":true,\"valueName\":\"search_term_string\"}}],\"inLanguage\":\"fr-FR\"},{\"@type\":\"Organization\",\"@id\":\"https:\\\/\\\/pool-party.fr\\\/#organization\",\"name\":\"Pool Party\",\"url\":\"https:\\\/\\\/pool-party.fr\\\/\",\"logo\":{\"@type\":\"ImageObject\",\"inLanguage\":\"fr-FR\",\"@id\":\"https:\\\/\\\/pool-party.fr\\\/#\\\/schema\\\/logo\\\/image\\\/\",\"url\":\"https:\\\/\\\/pool-party.fr\\\/wp-content\\\/uploads\\\/2025\\\/07\\\/Plan-de-travail-4.png\",\"contentUrl\":\"https:\\\/\\\/pool-party.fr\\\/wp-content\\\/uploads\\\/2025\\\/07\\\/Plan-de-travail-4.png\",\"width\":500,\"height\":500,\"caption\":\"Pool Party\"},\"image\":{\"@id\":\"https:\\\/\\\/pool-party.fr\\\/#\\\/schema\\\/logo\\\/image\\\/\"},\"sameAs\":[\"https:\\\/\\\/www.instagram.com\\\/poolparty252025\\\/\"]}]}<\/script>\n<!-- \/ Yoast SEO plugin. -->","yoast_head_json":{"title":"\u00c9v\u00e8nements - Pool Party","description":"Participez aux soir\u00e9es piscine, festivals et \u00e9v\u00e9nements priv\u00e9s Pool Party en France. R\u00e9servez et vivez un moment unique !","robots":{"index":"index","follow":"follow","max-snippet":"max-snippet:-1","max-image-preview":"max-image-preview:large","max-video-preview":"max-video-preview:-1"},"canonical":"https:\/\/pool-party.fr\/index.php\/evenements\/","og_locale":"fr_FR","og_type":"article","og_title":"\u00c9v\u00e8nements - Pool Party","og_description":"Participez aux soir\u00e9es piscine, festivals et \u00e9v\u00e9nements priv\u00e9s Pool Party en France. R\u00e9servez et vivez un moment unique !","og_url":"https:\/\/pool-party.fr\/index.php\/evenements\/","og_site_name":"Pool Party","article_modified_time":"2025-11-17T09:18:59+00:00","og_image":[{"url":"https:\/\/pool-party.fr\/wp-content\/uploads\/2025\/08\/22.jpg","type":"","width":"","height":""}],"twitter_card":"summary_large_image","twitter_misc":{"Dur\u00e9e de lecture estim\u00e9e":"2 minutes"},"schema":{"@context":"https:\/\/schema.org","@graph":[{"@type":"WebPage","@id":"https:\/\/pool-party.fr\/index.php\/evenements\/","url":"https:\/\/pool-party.fr\/index.php\/evenements\/","name":"\u00c9v\u00e8nements - Pool Party","isPartOf":{"@id":"https:\/\/pool-party.fr\/#website"},"primaryImageOfPage":{"@id":"https:\/\/pool-party.fr\/index.php\/evenements\/#primaryimage"},"image":{"@id":"https:\/\/pool-party.fr\/index.php\/evenements\/#primaryimage"},"thumbnailUrl":"https:\/\/pool-party.fr\/wp-content\/uploads\/2025\/08\/22.jpg","datePublished":"2025-07-27T16:10:34+00:00","dateModified":"2025-11-17T09:18:59+00:00","description":"Participez aux soir\u00e9es piscine, festivals et \u00e9v\u00e9nements priv\u00e9s Pool Party en France. R\u00e9servez et vivez un moment unique !","breadcrumb":{"@id":"https:\/\/pool-party.fr\/index.php\/evenements\/#breadcrumb"},"inLanguage":"fr-FR","potentialAction":[{"@type":"ReadAction","target":["https:\/\/pool-party.fr\/index.php\/evenements\/"]}]},{"@type":"ImageObject","inLanguage":"fr-FR","@id":"https:\/\/pool-party.fr\/index.php\/evenements\/#primaryimage","url":"https:\/\/i0.wp.com\/pool-party.fr\/wp-content\/uploads\/2025\/08\/22.jpg?fit=300%2C300&ssl=1","contentUrl":"https:\/\/i0.wp.com\/pool-party.fr\/wp-content\/uploads\/2025\/08\/22.jpg?fit=300%2C300&ssl=1","width":300,"height":300,"caption":"Piscine - jacuzzie - spa - eau - location - vague -summer - personne - \u00e9v\u00e9nement - f\u00eate"},{"@type":"BreadcrumbList","@id":"https:\/\/pool-party.fr\/index.php\/evenements\/#breadcrumb","itemListElement":[{"@type":"ListItem","position":1,"name":"Accueil","item":"https:\/\/pool-party.fr\/"},{"@type":"ListItem","position":2,"name":"\u00c9v\u00e8nements"}]},{"@type":"WebSite","@id":"https:\/\/pool-party.fr\/#website","url":"https:\/\/pool-party.fr\/","name":"Pool Party","description":"","publisher":{"@id":"https:\/\/pool-party.fr\/#organization"},"potentialAction":[{"@type":"SearchAction","target":{"@type":"EntryPoint","urlTemplate":"https:\/\/pool-party.fr\/?s={search_term_string}"},"query-input":{"@type":"PropertyValueSpecification","valueRequired":true,"valueName":"search_term_string"}}],"inLanguage":"fr-FR"},{"@type":"Organization","@id":"https:\/\/pool-party.fr\/#organization","name":"Pool Party","url":"https:\/\/pool-party.fr\/","logo":{"@type":"ImageObject","inLanguage":"fr-FR","@id":"https:\/\/pool-party.fr\/#\/schema\/logo\/image\/","url":"https:\/\/pool-party.fr\/wp-content\/uploads\/2025\/07\/Plan-de-travail-4.png","contentUrl":"https:\/\/pool-party.fr\/wp-content\/uploads\/2025\/07\/Plan-de-travail-4.png","width":500,"height":500,"caption":"Pool Party"},"image":{"@id":"https:\/\/pool-party.fr\/#\/schema\/logo\/image\/"},"sameAs":["https:\/\/www.instagram.com\/poolparty252025\/"]}]}},"jetpack_sharing_enabled":true,"_links":{"self":[{"href":"https:\/\/pool-party.fr\/index.php\/wp-json\/wp\/v2\/pages\/80","targetHints":{"allow":["GET"]}}],"collection":[{"href":"https:\/\/pool-party.fr\/index.php\/wp-json\/wp\/v2\/pages"}],"about":[{"href":"https:\/\/pool-party.fr\/index.php\/wp-json\/wp\/v2\/types\/page"}],"author":[{"embeddable":true,"href":"https:\/\/pool-party.fr\/index.php\/wp-json\/wp\/v2\/users\/2"}],"replies":[{"embeddable":true,"href":"https:\/\/pool-party.fr\/index.php\/wp-json\/wp\/v2\/comments?post=80"}],"version-history":[{"count":22,"href":"https:\/\/pool-party.fr\/index.php\/wp-json\/wp\/v2\/pages\/80\/revisions"}],"predecessor-version":[{"id":1000,"href":"https:\/\/pool-party.fr\/index.php\/wp-json\/wp\/v2\/pages\/80\/revisions\/1000"}],"wp:attachment":[{"href":"https:\/\/pool-party.fr\/index.php\/wp-json\/wp\/v2\/media?parent=80"}],"curies":[{"name":"wp","href":"https:\/\/api.w.org\/{rel}","templated":true}]}}